{"id":452,"date":"2020-12-09T10:37:20","date_gmt":"2020-12-09T09:37:20","guid":{"rendered":"https:\/\/test-wp.pulikowski.com\/?product=import-placeholder-for-177"},"modified":"2020-12-09T10:37:37","modified_gmt":"2020-12-09T09:37:37","slug":"opaska-tlumika-tyl-enduro","status":"publish","type":"product","link":"https:\/\/test-wp.pulikowski.com\/?product=opaska-tlumika-tyl-enduro","title":{"rendered":"Opaska t\u0142umika ty\u0142 Enduro"},"content":{"rendered":"<p>Opaska t\u0142umika tylna pasuj\u0105ca do SIMSONa Enduro z mocowaniem os\u0142ony.<\/p>\n","protected":false},"excerpt":{"rendered":"<p>Opaska t\u0142umika tylna pasuj\u0105ca do SIMSONa Enduro z mocowaniem os\u0142ony.<\/p>\n","protected":false},"featured_media":482,"comment_status":"open","ping_status":"closed","template":"","meta":{"spay_email":""},"_links":{"self":[{"href":"https:\/\/test-wp.pulikowski.com\/index.php?rest_route=\/wp\/v2\/product\/452"}],"collection":[{"href":"https:\/\/test-wp.pulikowski.com\/index.php?rest_route=\/wp\/v2\/product"}],"about":[{"href":"https:\/\/test-wp.pulikowski.com\/index.php?rest_route=\/wp\/v2\/types\/product"}],"replies":[{"embeddable":true,"href":"https:\/\/test-wp.pulikowski.com\/index.php?rest_route=%2Fwp%2Fv2%2Fcomments&post=452"}],"wp:featuredmedia":[{"embeddable":true,"href":"https:\/\/test-wp.pulikowski.com\/index.php?rest_route=\/wp\/v2\/media\/482"}],"wp:attachment":[{"href":"https:\/\/test-wp.pulikowski.com\/index.php?rest_route=%2Fwp%2Fv2%2Fmedia&parent=452"}],"curies":[{"name":"wp","href":"https:\/\/api.w.org\/{rel}","templated":true}]}}