{"id":448,"date":"2020-12-09T10:37:19","date_gmt":"2020-12-09T09:37:19","guid":{"rendered":"https:\/\/test-wp.pulikowski.com\/?product=import-placeholder-for-173"},"modified":"2020-12-09T10:37:34","modified_gmt":"2020-12-09T09:37:34","slug":"tloczek-ssania-kompletny","status":"publish","type":"product","link":"https:\/\/test-wp.pulikowski.com\/?product=tloczek-ssania-kompletny","title":{"rendered":"T\u0142oczek ssania kompletny"},"content":{"rendered":"<p>T\u0142oczek ssania kompletny (t\u0142oczek + gumka)<\/p>\n","protected":false},"excerpt":{"rendered":"<p>T\u0142oczek ssania kompletny (t\u0142oczek + gumka)<\/p>\n","protected":false},"featured_media":478,"comment_status":"open","ping_status":"closed","template":"","meta":{"spay_email":""},"_links":{"self":[{"href":"https:\/\/test-wp.pulikowski.com\/index.php?rest_route=\/wp\/v2\/product\/448"}],"collection":[{"href":"https:\/\/test-wp.pulikowski.com\/index.php?rest_route=\/wp\/v2\/product"}],"about":[{"href":"https:\/\/test-wp.pulikowski.com\/index.php?rest_route=\/wp\/v2\/types\/product"}],"replies":[{"embeddable":true,"href":"https:\/\/test-wp.pulikowski.com\/index.php?rest_route=%2Fwp%2Fv2%2Fcomments&post=448"}],"wp:featuredmedia":[{"embeddable":true,"href":"https:\/\/test-wp.pulikowski.com\/index.php?rest_route=\/wp\/v2\/media\/478"}],"wp:attachment":[{"href":"https:\/\/test-wp.pulikowski.com\/index.php?rest_route=%2Fwp%2Fv2%2Fmedia&parent=448"}],"curies":[{"name":"wp","href":"https:\/\/api.w.org\/{rel}","templated":true}]}}