{"id":434,"date":"2020-12-09T10:36:44","date_gmt":"2020-12-09T09:36:44","guid":{"rendered":"https:\/\/test-wp.pulikowski.com\/?product=import-placeholder-for-169"},"modified":"2020-12-09T10:37:32","modified_gmt":"2020-12-09T09:37:32","slug":"nakretka-przepustnicy-waska","status":"publish","type":"product","link":"https:\/\/test-wp.pulikowski.com\/?product=nakretka-przepustnicy-waska","title":{"rendered":"Nakr\u0119tka przepustnicy, w\u0105ska"},"content":{"rendered":"<p>Nakr\u0119tka do nowych typ\u00f3w ga\u017anik\u00f3w, z w\u0105sk\u0105 przepustnic\u0105.<\/p>\n","protected":false},"excerpt":{"rendered":"<p>Nakr\u0119tka do nowych typ\u00f3w ga\u017anik\u00f3w, z w\u0105sk\u0105 przepustnic\u0105.<\/p>\n","protected":false},"featured_media":474,"comment_status":"open","ping_status":"closed","template":"","meta":{"spay_email":""},"_links":{"self":[{"href":"https:\/\/test-wp.pulikowski.com\/index.php?rest_route=\/wp\/v2\/product\/434"}],"collection":[{"href":"https:\/\/test-wp.pulikowski.com\/index.php?rest_route=\/wp\/v2\/product"}],"about":[{"href":"https:\/\/test-wp.pulikowski.com\/index.php?rest_route=\/wp\/v2\/types\/product"}],"replies":[{"embeddable":true,"href":"https:\/\/test-wp.pulikowski.com\/index.php?rest_route=%2Fwp%2Fv2%2Fcomments&post=434"}],"wp:featuredmedia":[{"embeddable":true,"href":"https:\/\/test-wp.pulikowski.com\/index.php?rest_route=\/wp\/v2\/media\/474"}],"wp:attachment":[{"href":"https:\/\/test-wp.pulikowski.com\/index.php?rest_route=%2Fwp%2Fv2%2Fmedia&parent=434"}],"curies":[{"name":"wp","href":"https:\/\/api.w.org\/{rel}","templated":true}]}}