{"id":427,"date":"2020-12-09T10:36:43","date_gmt":"2020-12-09T09:36:43","guid":{"rendered":"https:\/\/test-wp.pulikowski.com\/?product=import-placeholder-for-162"},"modified":"2020-12-09T10:37:27","modified_gmt":"2020-12-09T09:37:27","slug":"lozyska-silnika-kpl-s51","status":"publish","type":"product","link":"https:\/\/test-wp.pulikowski.com\/?product=lozyska-silnika-kpl-s51","title":{"rendered":"\u0141o\u017cyska silnika kpl. S51"},"content":{"rendered":"<p>\u0141o\u017cyska silnika  SIMSON S51 komplet.<\/p>\n","protected":false},"excerpt":{"rendered":"<p>\u0141o\u017cyska silnika SIMSON S51 komplet.<\/p>\n","protected":false},"featured_media":467,"comment_status":"open","ping_status":"closed","template":"","meta":{"spay_email":""},"_links":{"self":[{"href":"https:\/\/test-wp.pulikowski.com\/index.php?rest_route=\/wp\/v2\/product\/427"}],"collection":[{"href":"https:\/\/test-wp.pulikowski.com\/index.php?rest_route=\/wp\/v2\/product"}],"about":[{"href":"https:\/\/test-wp.pulikowski.com\/index.php?rest_route=\/wp\/v2\/types\/product"}],"replies":[{"embeddable":true,"href":"https:\/\/test-wp.pulikowski.com\/index.php?rest_route=%2Fwp%2Fv2%2Fcomments&post=427"}],"wp:featuredmedia":[{"embeddable":true,"href":"https:\/\/test-wp.pulikowski.com\/index.php?rest_route=\/wp\/v2\/media\/467"}],"wp:attachment":[{"href":"https:\/\/test-wp.pulikowski.com\/index.php?rest_route=%2Fwp%2Fv2%2Fmedia&parent=427"}],"curies":[{"name":"wp","href":"https:\/\/api.w.org\/{rel}","templated":true}]}}