{"id":369,"date":"2020-12-09T10:36:08","date_gmt":"2020-12-09T09:36:08","guid":{"rendered":"https:\/\/test-wp.pulikowski.com\/?product=import-placeholder-for-134"},"modified":"2020-12-09T10:36:23","modified_gmt":"2020-12-09T09:36:23","slug":"fajka-swiecy","status":"publish","type":"product","link":"https:\/\/test-wp.pulikowski.com\/?product=fajka-swiecy","title":{"rendered":"Fajka \u015bwiecy"},"content":{"rendered":"<p>Fajka \u015bwiecy.  Zako\u0144czenie gumowe. Nadaje si\u0119 do wszystkich typ\u00f3w SIMSON\u00f3w.<\/p>\n","protected":false},"excerpt":{"rendered":"<p>Fajka \u015bwiecy. Zako\u0144czenie gumowe. Nadaje si\u0119 do wszystkich typ\u00f3w SIMSON\u00f3w.<\/p>\n","protected":false},"featured_media":399,"comment_status":"open","ping_status":"closed","template":"","meta":{"spay_email":""},"_links":{"self":[{"href":"https:\/\/test-wp.pulikowski.com\/index.php?rest_route=\/wp\/v2\/product\/369"}],"collection":[{"href":"https:\/\/test-wp.pulikowski.com\/index.php?rest_route=\/wp\/v2\/product"}],"about":[{"href":"https:\/\/test-wp.pulikowski.com\/index.php?rest_route=\/wp\/v2\/types\/product"}],"replies":[{"embeddable":true,"href":"https:\/\/test-wp.pulikowski.com\/index.php?rest_route=%2Fwp%2Fv2%2Fcomments&post=369"}],"wp:featuredmedia":[{"embeddable":true,"href":"https:\/\/test-wp.pulikowski.com\/index.php?rest_route=\/wp\/v2\/media\/399"}],"wp:attachment":[{"href":"https:\/\/test-wp.pulikowski.com\/index.php?rest_route=%2Fwp%2Fv2%2Fmedia&parent=369"}],"curies":[{"name":"wp","href":"https:\/\/api.w.org\/{rel}","templated":true}]}}