{"id":353,"date":"2020-12-09T10:36:05","date_gmt":"2020-12-09T09:36:05","guid":{"rendered":"https:\/\/test-wp.pulikowski.com\/?product=import-placeholder-for-118"},"modified":"2020-12-09T10:36:13","modified_gmt":"2020-12-09T09:36:13","slug":"dzwignia-biegow-sr-oryginalna","status":"publish","type":"product","link":"https:\/\/test-wp.pulikowski.com\/?product=dzwignia-biegow-sr-oryginalna","title":{"rendered":"D\u017awignia bieg\u00f3w SR (oryginalna)"},"content":{"rendered":"<p>D\u017awignia bieg\u00f3w przednia (w pod\u0142odze). Wyst\u0119puje w SIMSONie SR50.<\/p>\n","protected":false},"excerpt":{"rendered":"<p>D\u017awignia bieg\u00f3w przednia (w pod\u0142odze). Wyst\u0119puje w SIMSONie SR50.<\/p>\n","protected":false},"featured_media":383,"comment_status":"open","ping_status":"closed","template":"","meta":{"spay_email":""},"_links":{"self":[{"href":"https:\/\/test-wp.pulikowski.com\/index.php?rest_route=\/wp\/v2\/product\/353"}],"collection":[{"href":"https:\/\/test-wp.pulikowski.com\/index.php?rest_route=\/wp\/v2\/product"}],"about":[{"href":"https:\/\/test-wp.pulikowski.com\/index.php?rest_route=\/wp\/v2\/types\/product"}],"replies":[{"embeddable":true,"href":"https:\/\/test-wp.pulikowski.com\/index.php?rest_route=%2Fwp%2Fv2%2Fcomments&post=353"}],"wp:featuredmedia":[{"embeddable":true,"href":"https:\/\/test-wp.pulikowski.com\/index.php?rest_route=\/wp\/v2\/media\/383"}],"wp:attachment":[{"href":"https:\/\/test-wp.pulikowski.com\/index.php?rest_route=%2Fwp%2Fv2%2Fmedia&parent=353"}],"curies":[{"name":"wp","href":"https:\/\/api.w.org\/{rel}","templated":true}]}}