{"id":301,"date":"2020-12-09T10:35:31","date_gmt":"2020-12-09T09:35:31","guid":{"rendered":"https:\/\/test-wp.pulikowski.com\/?product=import-placeholder-for-95"},"modified":"2020-12-09T10:35:43","modified_gmt":"2020-12-09T09:35:43","slug":"napinacz-lancucha","status":"publish","type":"product","link":"https:\/\/test-wp.pulikowski.com\/?product=napinacz-lancucha","title":{"rendered":"Napinacz \u0142a\u0144cucha"},"content":{"rendered":"<p>Napr\u0119\u017ca \u0142a\u0144cuch.<\/p>\n","protected":false},"excerpt":{"rendered":"<p>Napr\u0119\u017ca \u0142a\u0144cuch.<\/p>\n","protected":false},"featured_media":331,"comment_status":"open","ping_status":"closed","template":"","meta":{"spay_email":""},"_links":{"self":[{"href":"https:\/\/test-wp.pulikowski.com\/index.php?rest_route=\/wp\/v2\/product\/301"}],"collection":[{"href":"https:\/\/test-wp.pulikowski.com\/index.php?rest_route=\/wp\/v2\/product"}],"about":[{"href":"https:\/\/test-wp.pulikowski.com\/index.php?rest_route=\/wp\/v2\/types\/product"}],"replies":[{"embeddable":true,"href":"https:\/\/test-wp.pulikowski.com\/index.php?rest_route=%2Fwp%2Fv2%2Fcomments&post=301"}],"wp:featuredmedia":[{"embeddable":true,"href":"https:\/\/test-wp.pulikowski.com\/index.php?rest_route=\/wp\/v2\/media\/331"}],"wp:attachment":[{"href":"https:\/\/test-wp.pulikowski.com\/index.php?rest_route=%2Fwp%2Fv2%2Fmedia&parent=301"}],"curies":[{"name":"wp","href":"https:\/\/api.w.org\/{rel}","templated":true}]}}