{"id":243,"date":"2020-12-09T10:34:55","date_gmt":"2020-12-09T09:34:55","guid":{"rendered":"https:\/\/test-wp.pulikowski.com\/?product=import-placeholder-for-67"},"modified":"2020-12-09T10:35:08","modified_gmt":"2020-12-09T09:35:08","slug":"guma-zebatki-tylnej","status":"publish","type":"product","link":"https:\/\/test-wp.pulikowski.com\/?product=guma-zebatki-tylnej","title":{"rendered":"Guma z\u0119batki tylnej"},"content":{"rendered":"<p>Guma z\u0119batki tylnej (wk\u0142ad).<\/p>\n","protected":false},"excerpt":{"rendered":"<p>Guma z\u0119batki tylnej (wk\u0142ad).<\/p>\n","protected":false},"featured_media":273,"comment_status":"open","ping_status":"closed","template":"","meta":{"spay_email":""},"_links":{"self":[{"href":"https:\/\/test-wp.pulikowski.com\/index.php?rest_route=\/wp\/v2\/product\/243"}],"collection":[{"href":"https:\/\/test-wp.pulikowski.com\/index.php?rest_route=\/wp\/v2\/product"}],"about":[{"href":"https:\/\/test-wp.pulikowski.com\/index.php?rest_route=\/wp\/v2\/types\/product"}],"replies":[{"embeddable":true,"href":"https:\/\/test-wp.pulikowski.com\/index.php?rest_route=%2Fwp%2Fv2%2Fcomments&post=243"}],"wp:featuredmedia":[{"embeddable":true,"href":"https:\/\/test-wp.pulikowski.com\/index.php?rest_route=\/wp\/v2\/media\/273"}],"wp:attachment":[{"href":"https:\/\/test-wp.pulikowski.com\/index.php?rest_route=%2Fwp%2Fv2%2Fmedia&parent=243"}],"curies":[{"name":"wp","href":"https:\/\/api.w.org\/{rel}","templated":true}]}}