{"id":242,"date":"2020-12-09T10:34:55","date_gmt":"2020-12-09T09:34:55","guid":{"rendered":"https:\/\/test-wp.pulikowski.com\/?product=import-placeholder-for-66"},"modified":"2020-12-09T10:35:08","modified_gmt":"2020-12-09T09:35:08","slug":"dzwignia-hamulca-i-sprzegla","status":"publish","type":"product","link":"https:\/\/test-wp.pulikowski.com\/?product=dzwignia-hamulca-i-sprzegla","title":{"rendered":"D\u017awignia hamulca i sprz\u0119g\u0142a"},"content":{"rendered":"<p>D\u017awignia hamulcalub sprz\u0119g\u0142a. Pasuje do SIMSONA S51, S50, SR50czyEnduro. Dzwigniahamulca posiada wystep do wlacznika STOP. W zamowieniu podac kt\u00f3\u0142ra.<\/p>\n","protected":false},"excerpt":{"rendered":"<p>D\u017awignia hamulcalub sprz\u0119g\u0142a. Pasuje do SIMSONA S51, S50, SR50czyEnduro. Dzwigniahamulca posiada wystep do wlacznika STOP. W zamowieniu podac kt\u00f3\u0142ra.<\/p>\n","protected":false},"featured_media":272,"comment_status":"open","ping_status":"closed","template":"","meta":{"spay_email":""},"_links":{"self":[{"href":"https:\/\/test-wp.pulikowski.com\/index.php?rest_route=\/wp\/v2\/product\/242"}],"collection":[{"href":"https:\/\/test-wp.pulikowski.com\/index.php?rest_route=\/wp\/v2\/product"}],"about":[{"href":"https:\/\/test-wp.pulikowski.com\/index.php?rest_route=\/wp\/v2\/types\/product"}],"replies":[{"embeddable":true,"href":"https:\/\/test-wp.pulikowski.com\/index.php?rest_route=%2Fwp%2Fv2%2Fcomments&post=242"}],"wp:featuredmedia":[{"embeddable":true,"href":"https:\/\/test-wp.pulikowski.com\/index.php?rest_route=\/wp\/v2\/media\/272"}],"wp:attachment":[{"href":"https:\/\/test-wp.pulikowski.com\/index.php?rest_route=%2Fwp%2Fv2%2Fmedia&parent=242"}],"curies":[{"name":"wp","href":"https:\/\/api.w.org\/{rel}","templated":true}]}}