{"id":231,"date":"2020-12-09T10:34:53","date_gmt":"2020-12-09T09:34:53","guid":{"rendered":"https:\/\/test-wp.pulikowski.com\/?product=import-placeholder-for-55"},"modified":"2020-12-09T10:35:01","modified_gmt":"2020-12-09T09:35:01","slug":"blokada-kierownicy-zadi","status":"publish","type":"product","link":"https:\/\/test-wp.pulikowski.com\/?product=blokada-kierownicy-zadi","title":{"rendered":"Blokada kierownicy ZADI"},"content":{"rendered":"<p>Blokuje uk\u0142ad kierowniczy przed kradzie\u017c\u0105. Pasuje do SIMSONA S51, SR50.<\/p>\n","protected":false},"excerpt":{"rendered":"<p>Blokuje uk\u0142ad kierowniczy przed kradzie\u017c\u0105. Pasuje do SIMSONA S51, SR50.<\/p>\n","protected":false},"featured_media":261,"comment_status":"open","ping_status":"closed","template":"","meta":{"spay_email":""},"_links":{"self":[{"href":"https:\/\/test-wp.pulikowski.com\/index.php?rest_route=\/wp\/v2\/product\/231"}],"collection":[{"href":"https:\/\/test-wp.pulikowski.com\/index.php?rest_route=\/wp\/v2\/product"}],"about":[{"href":"https:\/\/test-wp.pulikowski.com\/index.php?rest_route=\/wp\/v2\/types\/product"}],"replies":[{"embeddable":true,"href":"https:\/\/test-wp.pulikowski.com\/index.php?rest_route=%2Fwp%2Fv2%2Fcomments&post=231"}],"wp:featuredmedia":[{"embeddable":true,"href":"https:\/\/test-wp.pulikowski.com\/index.php?rest_route=\/wp\/v2\/media\/261"}],"wp:attachment":[{"href":"https:\/\/test-wp.pulikowski.com\/index.php?rest_route=%2Fwp%2Fv2%2Fmedia&parent=231"}],"curies":[{"name":"wp","href":"https:\/\/api.w.org\/{rel}","templated":true}]}}