{"id":159,"date":"2020-12-09T10:33:39","date_gmt":"2020-12-09T09:33:39","guid":{"rendered":"https:\/\/test-wp.pulikowski.com\/?product=import-placeholder-for-23"},"modified":"2020-12-09T10:34:01","modified_gmt":"2020-12-09T09:34:01","slug":"mocowanie-kierunkowskazow-tyl-cienkie","status":"publish","type":"product","link":"https:\/\/test-wp.pulikowski.com\/?product=mocowanie-kierunkowskazow-tyl-cienkie","title":{"rendered":"Mocowanie kierunkowskaz\u00f3w ty\u0142 cienkie"},"content":{"rendered":"<p>Mocowanie kierunkowskaz\u00f3w okr\u0105g\u0142ych ty\u0142, cienkie<\/p>\n","protected":false},"excerpt":{"rendered":"<p>Mocowanie kierunkowskaz\u00f3w okr\u0105g\u0142ych ty\u0142, cienkie<\/p>\n","protected":false},"featured_media":178,"comment_status":"open","ping_status":"closed","template":"","meta":{"spay_email":""},"_links":{"self":[{"href":"https:\/\/test-wp.pulikowski.com\/index.php?rest_route=\/wp\/v2\/product\/159"}],"collection":[{"href":"https:\/\/test-wp.pulikowski.com\/index.php?rest_route=\/wp\/v2\/product"}],"about":[{"href":"https:\/\/test-wp.pulikowski.com\/index.php?rest_route=\/wp\/v2\/types\/product"}],"replies":[{"embeddable":true,"href":"https:\/\/test-wp.pulikowski.com\/index.php?rest_route=%2Fwp%2Fv2%2Fcomments&post=159"}],"wp:featuredmedia":[{"embeddable":true,"href":"https:\/\/test-wp.pulikowski.com\/index.php?rest_route=\/wp\/v2\/media\/178"}],"wp:attachment":[{"href":"https:\/\/test-wp.pulikowski.com\/index.php?rest_route=%2Fwp%2Fv2%2Fmedia&parent=159"}],"curies":[{"name":"wp","href":"https:\/\/api.w.org\/{rel}","templated":true}]}}