{"id":143,"date":"2020-12-09T10:33:36","date_gmt":"2020-12-09T09:33:36","guid":{"rendered":"https:\/\/test-wp.pulikowski.com\/?product=import-placeholder-for-7"},"modified":"2020-12-09T10:33:42","modified_gmt":"2020-12-09T09:33:42","slug":"kierunkowskaz-maly","status":"publish","type":"product","link":"https:\/\/test-wp.pulikowski.com\/?product=kierunkowskaz-maly","title":{"rendered":"Kierunkowskaz ma\u0142y"},"content":{"rendered":"<p>Kierunkowskaz  ma\u0142y, kompletny (bez \u017car\u00f3wki).<\/p>\n","protected":false},"excerpt":{"rendered":"<p>Kierunkowskaz ma\u0142y, kompletny (bez \u017car\u00f3wki).<\/p>\n","protected":false},"featured_media":126,"comment_status":"open","ping_status":"closed","template":"","meta":{"spay_email":""},"_links":{"self":[{"href":"https:\/\/test-wp.pulikowski.com\/index.php?rest_route=\/wp\/v2\/product\/143"}],"collection":[{"href":"https:\/\/test-wp.pulikowski.com\/index.php?rest_route=\/wp\/v2\/product"}],"about":[{"href":"https:\/\/test-wp.pulikowski.com\/index.php?rest_route=\/wp\/v2\/types\/product"}],"replies":[{"embeddable":true,"href":"https:\/\/test-wp.pulikowski.com\/index.php?rest_route=%2Fwp%2Fv2%2Fcomments&post=143"}],"wp:featuredmedia":[{"embeddable":true,"href":"https:\/\/test-wp.pulikowski.com\/index.php?rest_route=\/wp\/v2\/media\/126"}],"wp:attachment":[{"href":"https:\/\/test-wp.pulikowski.com\/index.php?rest_route=%2Fwp%2Fv2%2Fmedia&parent=143"}],"curies":[{"name":"wp","href":"https:\/\/api.w.org\/{rel}","templated":true}]}}