{"id":142,"date":"2020-12-09T10:33:36","date_gmt":"2020-12-09T09:33:36","guid":{"rendered":"https:\/\/test-wp.pulikowski.com\/?product=import-placeholder-for-6"},"modified":"2020-12-09T10:33:42","modified_gmt":"2020-12-09T09:33:42","slug":"kierunki-w-kierownice","status":"publish","type":"product","link":"https:\/\/test-wp.pulikowski.com\/?product=kierunki-w-kierownice","title":{"rendered":"Kierunki w kierownic\u0119"},"content":{"rendered":"<p>Kierunkowskazy  w kierownic\u0119, do SIMSONA Schwalbe. Cena za sztuk\u0119.<\/p>\n","protected":false},"excerpt":{"rendered":"<p>Kierunkowskazy w kierownic\u0119, do SIMSONA Schwalbe. Cena za sztuk\u0119.<\/p>\n","protected":false},"featured_media":125,"comment_status":"open","ping_status":"closed","template":"","meta":{"spay_email":""},"_links":{"self":[{"href":"https:\/\/test-wp.pulikowski.com\/index.php?rest_route=\/wp\/v2\/product\/142"}],"collection":[{"href":"https:\/\/test-wp.pulikowski.com\/index.php?rest_route=\/wp\/v2\/product"}],"about":[{"href":"https:\/\/test-wp.pulikowski.com\/index.php?rest_route=\/wp\/v2\/types\/product"}],"replies":[{"embeddable":true,"href":"https:\/\/test-wp.pulikowski.com\/index.php?rest_route=%2Fwp%2Fv2%2Fcomments&post=142"}],"wp:featuredmedia":[{"embeddable":true,"href":"https:\/\/test-wp.pulikowski.com\/index.php?rest_route=\/wp\/v2\/media\/125"}],"wp:attachment":[{"href":"https:\/\/test-wp.pulikowski.com\/index.php?rest_route=%2Fwp%2Fv2%2Fmedia&parent=142"}],"curies":[{"name":"wp","href":"https:\/\/api.w.org\/{rel}","templated":true}]}}