{"id":141,"date":"2020-12-09T10:33:35","date_gmt":"2020-12-09T09:33:35","guid":{"rendered":"https:\/\/test-wp.pulikowski.com\/?product=import-placeholder-for-5"},"modified":"2020-12-09T10:33:42","modified_gmt":"2020-12-09T09:33:42","slug":"cokol-zarowki-licznika","status":"publish","type":"product","link":"https:\/\/test-wp.pulikowski.com\/?product=cokol-zarowki-licznika","title":{"rendered":"Cok\u00f3\u0142 \u017car\u00f3wki licznika"},"content":{"rendered":"<p>Cok\u00f3\u0142 \u017car\u00f3wki  licznika. Pasuje do wszystkichSIMSON\u00f3w SR50, S50, S51 Enduro i inne.<\/p>\n","protected":false},"excerpt":{"rendered":"<p>Cok\u00f3\u0142 \u017car\u00f3wki licznika. Pasuje do wszystkichSIMSON\u00f3w SR50, S50, S51 Enduro i inne.<\/p>\n","protected":false},"featured_media":124,"comment_status":"open","ping_status":"closed","template":"","meta":{"spay_email":""},"_links":{"self":[{"href":"https:\/\/test-wp.pulikowski.com\/index.php?rest_route=\/wp\/v2\/product\/141"}],"collection":[{"href":"https:\/\/test-wp.pulikowski.com\/index.php?rest_route=\/wp\/v2\/product"}],"about":[{"href":"https:\/\/test-wp.pulikowski.com\/index.php?rest_route=\/wp\/v2\/types\/product"}],"replies":[{"embeddable":true,"href":"https:\/\/test-wp.pulikowski.com\/index.php?rest_route=%2Fwp%2Fv2%2Fcomments&post=141"}],"wp:featuredmedia":[{"embeddable":true,"href":"https:\/\/test-wp.pulikowski.com\/index.php?rest_route=\/wp\/v2\/media\/124"}],"wp:attachment":[{"href":"https:\/\/test-wp.pulikowski.com\/index.php?rest_route=%2Fwp%2Fv2%2Fmedia&parent=141"}],"curies":[{"name":"wp","href":"https:\/\/api.w.org\/{rel}","templated":true}]}}