{"id":138,"date":"2020-12-09T10:33:35","date_gmt":"2020-12-09T09:33:35","guid":{"rendered":"https:\/\/test-wp.pulikowski.com\/?product=import-placeholder-for-2"},"modified":"2020-12-09T10:33:41","modified_gmt":"2020-12-09T09:33:41","slug":"automat-stop","status":"publish","type":"product","link":"https:\/\/test-wp.pulikowski.com\/?product=automat-stop","title":{"rendered":"Automat STOP"},"content":{"rendered":"<p>W\u0142\u0105cznik \u015bwiat\u0142a STOP. Pasuje do SIMSONA SR50 jako w\u0142\u0105cznik stopu r\u0119cznego i no\u017cnego oraz S51 do stopu r\u0119cznego.<\/p>\n","protected":false},"excerpt":{"rendered":"<p>W\u0142\u0105cznik \u015bwiat\u0142a STOP. Pasuje do SIMSONA SR50 jako w\u0142\u0105cznik stopu r\u0119cznego i no\u017cnego oraz S51 do stopu r\u0119cznego.<\/p>\n","protected":false},"featured_media":121,"comment_status":"open","ping_status":"closed","template":"","meta":{"spay_email":""},"_links":{"self":[{"href":"https:\/\/test-wp.pulikowski.com\/index.php?rest_route=\/wp\/v2\/product\/138"}],"collection":[{"href":"https:\/\/test-wp.pulikowski.com\/index.php?rest_route=\/wp\/v2\/product"}],"about":[{"href":"https:\/\/test-wp.pulikowski.com\/index.php?rest_route=\/wp\/v2\/types\/product"}],"replies":[{"embeddable":true,"href":"https:\/\/test-wp.pulikowski.com\/index.php?rest_route=%2Fwp%2Fv2%2Fcomments&post=138"}],"wp:featuredmedia":[{"embeddable":true,"href":"https:\/\/test-wp.pulikowski.com\/index.php?rest_route=\/wp\/v2\/media\/121"}],"wp:attachment":[{"href":"https:\/\/test-wp.pulikowski.com\/index.php?rest_route=%2Fwp%2Fv2%2Fmedia&parent=138"}],"curies":[{"name":"wp","href":"https:\/\/api.w.org\/{rel}","templated":true}]}}